n 4459 is divided by 362?
115
Calculate the remainder when 136948 is divided by 323.
319
Calculate the remainder when 8623 is divided by 719.
714
What is the remainder when 1284 is divided by 284?
148
Calculate the remainder when 189554 is divided by 318.
26
Calculate the remainder when 1186288 is divided by 105.
103
Calculate the remainder when 2825 is divided by 16.
9
Calculate the remainder when 4830 is divided by 285.
270
Calculate the remainder when 41130 is divided by 5122.
154
Calculate the remainder when 61343 is divided by 96.
95
Calculate the remainder when 9875 is divided by 828.
767
Calculate the remainder when 104456 is divided by 17407.
14
What is the remainder when 225778 is divided by 318?
316
What is the remainder when 764525 is divided by 454?
443
What is the remainder when 22006 is divided by 373?
372
Calculate the remainder when 260830 is divided by 264.
262
Calculate the remainder when 23810 is divided by 1829.
33
What is the remainder when 22679 is divided by 1202?
1043
What is the remainder when 28544 is divided by 25?
19
What is the remainder when 695394 is divided by 1606?
1602
Calculate the remainder when 18995 is divided by 3792.
35
Calculate the remainder when 143014 is divided by 303.
301
What is the remainder when 7575 is divided by 176?
7
Calculate the remainder when 311 is divided by 263.
48
What is the remainder when 5628 is divided by 428?
64
Calculate the remainder when 15986 is divided by 516.
506
Calculate the remainder when 949 is divided by 314.
7
What is the remainder when 838 is divided by 30?
28
What is the remainder when 3928865 is divided by 41?
40
Calculate the remainder when 12265 is divided by 365.
220
What is the remainder when 162217 is divided by 1908?
37
Calculate the remainder when 7568 is divided by 2451.
215
What is the remainder when 506383 is divided by 837?
835
Calculate the remainder when 10178 is divided by 78.
38
Calculate the remainder when 1816 is divided by 1795.
21
What is the remainder when 3329 is divided by 26?
1
What is the remainder when 567 is divided by 321?
246
What is the remainder when 925807 is divided by 462900?
7
Calculate the remainder when 10774 is divided by 1023.
544
Calculate the remainder when 27398 is divided by 6843.
26
Calculate the remainder when 28240 is divided by 1061.
654
What is the remainder when 1142 is divided by 220?
42
What is the remainder when 1048643 is divided by 49?
43
What is the remainder when 1514774 is divided by 890?
884
What is the remainder when 2450 is divided by 57?
56
Calculate the remainder when 373 is divided by 65.
48
What is the remainder when 30024 is divided by 10003?
15
What is the remainder when 7880 is divided by 240?
200
What is the remainder when 384462 is divided by 42?
36
Calculate the remainder when 21821 is divided by 25.
21
Calculate the remainder when 238599 is divided by 1333.
1325
Calculate the remainder when 7272 is divided by 15.
12
Calculate the remainder when 1763509 is divided by 46408.
5
What is the remainder when 17475 is divided by 338?
237
What is the remainder when 6284 is divided by 624?
44
What is the remainder when 96848 is divided by 28?
24
What is the remainder when 2434 is divided by 970?
494
Calculate the remainder when 389299 is divided by 1289.
21
Calculate the remainder when 83882 is divided by 8.
2
What is the remainder when 1099 is divided by 970?
129
Calculate the remainder when 246509 is divided by 572.
549
Calculate the remainder when 102393 is divided by 320.
313
Calculate the remainder when 19447 is divided by 3240.
7
What is the remainder when 467110 is divided by 266?
14
What is the remainder when 45899 is divided by 11420?
219
Calculate the remainder when 998992 is divided by 499.
493
What is the remainder when 157708 is divided by 17?
16
Calculate the remainder when 62084 is divided by 3104.
4
What is the remainder when 11371 is divided by 5351?
669
Calculate the remainder when 20320 is divided by 847.
839
What is the remainder when 75917 is divided by 75908?
9
Calculate the remainder when 1218038 is divided by 740.
738
Calculate the remainder when 120657 is divided by 357.
348
What is the remainder when 99139 is divided by 18?
13
Calculate the remainder when 45494 is divided by 1617.
218
Calculate the remainder when 23379 is divided by 148.
143
Calculate the remainder when 5277 is divided by 2628.
21
Calculate the remainder when 10886 is divided by 2177.
1
What is the remainder when 7423 is divided by 1234?
19
What is the remainder when 10933 is divided by 5?
3
Calculate the remainder when 365 is divided by 188.
177
What is the remainder when 4226 is divided by 2016?
194
Calculate the remainder when 28596 is divided by 50.
46
What is the remainder when 939 is divided by 128?
43
Calculate the remainder when 24654 is divided by 493.
4
What is the remainder when 3934663 is divided by 35?
33
What is the remainder when 635 is divided by 156?
11
What is the remainder when 3554 is divided by 8?
2
Calculate the remainder when 41303 is divided by 20651.
1
What is the remainder when 186188 is divided by 960?
908
Calculate the remainder when 77615 is divided by 231.
230
What is the remainder when 255949 is divided by 96?
13
Calculate the remainder when 4354 is divided by 434.
14
What is the remainder when 135671 is divided by 8?
7
What is the remainder when 459790 is divided by 12?
10
What is the remainder when 8888 is divided by 171?
167
Calculate the remainder when 334578 is divided by 285.
273
Calculate the remainder when 60288 is divided by 15066.
24
What is the remainder when 3168 is divided by 263?
12
Calculate the remainder when 1580 is divided by 789.
2
Calculate the remainder when 24517 is divided by 40.
37
What is the remainder when 20364 is divided by 4070?
14
Calculate the remainder when 2681 is divided by 113.
82
What is the remainder when 87955 is divided by 86?
63
Calculate the remainder when 1593 is divided by 268.
253
Calculate the remainder when 8190 is divided by 42.
0
What is the remainder when 174117 is divided by 506?
53
Calculate the remainder when 9117 is divided by 1221.
570
What is the remainder when 3629 is divided by 555?
299
Calculate the remainder when 15484 is divided by 576.
508
What is the remainder when 210230 is divided by 311?
305
Calculate the remainder when 6137 is divided by 1175.
262
What is the remainder when 918 is divided by 478?
440
What is the remainder when 7526 is divided by 3747?
32
What is the remainder when 1820 is divided by 137?
39
What is the remainder when 3052 is divided by 969?
145
Calculate the remainder when 2701 is divided by 93.
4
Calculate the remainder when 24331 is divided by 3040.
11
Calculate the remainder when 39169 is divided by 9778.
57
What is the remainder when 157071 is divided by 78533?
5
What is the remainder when 133417 is divided by 101?
97
Calculate the remainder when 2844475 is divided by 591.
583
Calculate the remainder when 1113792 is divided by 193.
182
What is the remainder when 10362 is divided by 47?
22
Calculate the remainder when 78191 is divided by 337.
7
What is the remainder when 311323 is divided by 488?
467
Calculate the remainder when 5798 is divided by 207.
2
What is the remainder when 2411 is divided by 1137?
137
What is the remainder when 399089 is divided by 453?
449
What is the remainder when 32900 is divided by 289?
243
What is the remainder when 922 is divided by 752?
170
Calculate the remainder when 10634 is divided by 69.
8
Calculate the remainder when 15777 is divided by 142.
15
What is the remainder when 211901 is divided by 32?
29
What is the remainder when 702 is divided by 350?
2
What is the remainder when 596 is divided by 151?
143
Calculate the remainder when 6534 is divided by 53.
15
Calculate the remainder when 1755 is divided by 35.
5
Calculate the remainder when 401 is divided by 55.
16
Calculate the remainder when 5503 is divided by 1808.
79
Calculate the remainder when 16585 is divided by 11.
8
Calculate the remainder when 5469 is divided by 26.
9
What is the remainder when 9126 is divided by 1026?
918
What is the remainder when 28760 is divided by 250?
10
Calculate the remainder when 4027 is divided by 444.
31
What is the remainder when 602172 is divided by 217?
214
Calculate t